520 a factor of 4447611?
False
Is 651986 a multiple of 69?
False
Is 565 a factor of 1532280?
True
Is 183373 a multiple of 19?
False
Does 192 divide 1394688?
True
Does 21 divide 11356233?
True
Is 34 a factor of 615709?
False
Is 5 a factor of 852042?
False
Is 1852396 a multiple of 637?
True
Is 74251 a multiple of 86?
False
Does 7 divide 3454703?
True
Is 10530 a multiple of 234?
True
Is 35 a factor of 476210?
True
Does 20 divide 41440?
True
Does 127 divide 87265?
False
Is 61 a factor of 13007?
False
Is 11 a factor of 345085?
False
Is 53055 a multiple of 9?
True
Does 120 divide 8280?
True
Does 32 divide 5816000?
True
Is 635841 a multiple of 126?
False
Is 165425 a multiple of 13?
True
Is 1087886 a multiple of 9?
False
Is 23 a factor of 11247?
True
Is 32 a factor of 42192736?
True
Is 621 a factor of 1687257?
True
Is 2929795 a multiple of 88?
False
Does 4 divide 83556?
True
Is 22513062 a multiple of 58?
False
Is 29691 a multiple of 28?
False
Is 71 a factor of 41748?
True
Is 6901128 a multiple of 52?
True
Does 77 divide 9852012?
False
Is 183 a factor of 2009489?
False
Is 89766 a multiple of 18?
True
Is 169 a factor of 195506?
False
Does 594 divide 871992?
True
Is 1318657 a multiple of 68?
False
Does 6 divide 5039?
False
Is 431260 a multiple of 4?
True
Is 2082720 a multiple of 160?
True
Is 439 a factor of 1332393?
False
Is 707865 a multiple of 15?
True
Is 2804698 a multiple of 104?
False
Is 5140034 a multiple of 27?
False
Is 117 a factor of 40816?
False
Is 17991 a multiple of 4?
False
Is 41440 a multiple of 560?
True
Is 12 a factor of 5302147?
False
Does 8 divide 306984?
True
Is 246334 a multiple of 145?
False
Does 695 divide 1342045?
True
Is 252 a factor of 563105?
False
Is 1533836 a multiple of 9?
False
Is 1221008 a multiple of 35?
False
Is 90 a factor of 557640?
True
Is 118 a factor of 1615076?
False
Does 4 divide 126044?
True
Is 5 a factor of 2854785?
True
Is 3138665 a multiple of 12?
False
Does 12 divide 1015164?
True
Is 414743 a multiple of 14?
False
Is 104577 a multiple of 11?
True
Is 60528 a multiple of 52?
True
Is 62 a factor of 495566?
True
Is 211181 a multiple of 47?
False
Does 78 divide 1189476?
False
Does 17 divide 1309397?
False
Does 9 divide 278?
False
Does 1054 divide 122264?
True
Is 7490676 a multiple of 445?
False
Is 390681 a multiple of 27?
False
Is 2906025 a multiple of 340?
False
Is 20 a factor of 394120?
True
Is 20 a factor of 426420?
True
Is 36956 a multiple of 51?
False
Is 136 a factor of 952629?
False
Does 50 divide 3595150?
True
Is 209 a factor of 1941851?
False
Is 2476 a multiple of 3?
False
Is 906 a factor of 24988309?
False
Is 89 a factor of 350660?
True
Is 119680 a multiple of 8?
True
Does 26 divide 134030?
True
Does 9 divide 40689?
True
Does 22 divide 2369356?
True
Is 1767 a factor of 18401015?
False
Is 3 a factor of 23650?
False
Is 104345 a multiple of 41?
True
Is 13877457 a multiple of 636?
False
Does 67 divide 69983?
False
Is 104 a factor of 766792?
True
Is 126 a factor of 330246?
True
Does 48 divide 616656?
True
Is 37 a factor of 168609?
True
Is 216240 a multiple of 530?
True
Is 50713 even?
False
Is 3406912 a multiple of 32?
True
Is 63283 a multiple of 4?
False
Is 3981929 a multiple of 795?
False
Is 19 a factor of 29348?
False
Is 8 a factor of 334369?
False
Is 251057 a multiple of 98?
False
Is 846 a multiple of 9?
True
Is 3 a factor of 518?
False
Does 87 divide 1089108?
False
Is 162 a factor of 2266056?
True
Is 17 a factor of 388467?
True
Does 157 divide 18236492?
True
Is 1086873 a multiple of 9?
False
Does 161 divide 10873038?
False
Does 57 divide 7965671?
False
Is 82015 a multiple of 2?
False
Is 81 a factor of 52731?
True
Is 43 a factor of 912454?
False
Is 329360 a multiple of 16?
True
Is 3071934 a multiple of 9?
True
Is 136 a factor of 774112?
True
Is 3 a factor of 60326?
False
Is 93 a factor of 693501?
True
Is 12816 a multiple of 89?
True
Is 2 a factor of 16326?
True
Is 1715532 a multiple of 52?
True
Does 351 divide 499752?
False
Is 411198 a multiple of 23?
False
Is 55593 a multiple of 280?
False
Does 635 divide 5204466?
False
Is 2748672 a multiple of 64?
True
Does 8 divide 4111?
False
Is 1230816 a multiple of 16?
True
Is 9 a factor of 187402?
False
Does 22 divide 179976?
False
Does 2 divide 396739?
False
Is 371 a factor of 2613270?
False
Does 227 divide 1329174?
False
Does 4 divide 915348?
True
Does 10 divide 1057660?
True
Is 17655 a multiple of 15?
True
Does 40 divide 15765979?
False
Is 363 a factor of 1938783?
True
Is 39477 a multiple of 12?
False
Is 64661 a multiple of 12?
False
Is 4307409 a multiple of 51?
True
Does 92 divide 38364?
True
Is 125 a factor of 26332?
False
Is 1598040 a multiple of 6?
True
Is 86090 a multiple of 109?
False
Is 214 a factor of 511246?
True
Is 621859 a multiple of 13?
False
Does 145 divide 1705897?
False
Is 25 a factor of 2123581?
False
Is 46 a factor of 331292?
True
Does 278 divide 14254?
False
Does 55 divide 219120?
True
Is 153 a factor of 1738539?
True
Is 15 a factor of 2550037?
False
Is 6 a factor of 2477706?
True
Does 9 divide 149436?
True
Is 509405 a multiple of 171?
False
Is 13370999 a multiple of 21?
False
Does 50 divide 18805876?
False
Does 4 divide 300?
True
Is 12 a factor of 1913112?
True
Is 225 a factor of 499364?
False
Does 63 divide 864801?
True
Is 3 a factor of 864429?
True
Does 19 divide 18447689?
True
Does 23 divide 797203?
True
Is 208487 a multiple of 21?
False
Is 21 a factor of 65932?
False
Is 44485 a multiple of 155?
True
Is 588574 a multiple of 86?
False
Is 72 a factor of 43344?
True
Is 101 a factor of 222103?
False
Does 702 divide 5481754?
False
Is 2400995 a multiple of 8?
False
Is 42680 a multiple of 440?
True
Is 43 a factor of 316293?
False
Is 8 a factor of 18070?
False
Is 7437953 a multiple of 12?
False
Is 482112 a multiple of 558?
True
Is 1173816 a multiple of 357?
True
Does 10 divide 74880?
True
Is 16 a factor of 96848?
True
Does 22 divide 51860?
False
Is 944068 a multiple of 778?
False
Is 597344 a multiple of 11?
True
Is 10312980 a multiple of 870?
True
Is 32220 a multiple of 6?
True
Is 10 a factor of 4537414?
False
Is 287188 a multiple of 17?
False
Is 2991086 a multiple of 9?
False
Does 29 divide 301194?
True
Is 5 a factor of 1279735?
True
Does 2567 divide 17495365?
False
Does 409 divide 170144?
True
Is 436 a factor of 5014436?
True
Is 5097791 a multiple of 12?
False
Does 12 divide 562692?
True
Is 9718 a multiple of 135?
False
Is 9 a factor of 30265?
False
Does 23 divide 222650?
False
Is 36 a factor of 6192?
True
Is 582397 a multiple of 573?
False
Is 294528 a multiple of 114?
False
Is 4097240 a multiple of 20?
True
Is 19968886 a multiple of 917?
False
Is 53533 a multiple of 14?
False
Does 103 divide 182322?
False
Is 57 a factor of 117648?
True
Is 80 a factor of 2818160?
True
Is 21 a factor of 302841?
True
Does 5 divide 269246?
False
Does 24 divide 212904?
True
Is 35 a factor of 88795?
True
Is 285 a factor of 54428?
False
Is 61 a factor of 258044?
False
Is 2 a factor of 12218?
True
Does 12 divide 179004?
True
Is 170395 a multiple of 213?
False
Does 434 divide 794220?
True
Does 3 divide 31255?
False
Is 5 a factor of 1263630?
True
Is 23 a factor of 369553?
False
Is 28 a factor of 399112?
True
Does 26 divide 92830?
False
Is 742700 a multiple of 25?
True
Does 2 divide 1011038?
True
Is 5506401 a multiple of 26?
False
Does 76 divide 3221412?
True
Is 370770 a multiple of 16?
False
Is 705791 a multiple of 461?
True
Does 3 divide 58957?
False
Is 82 a factor of 247968?
True
Is 599 a factor of 165923?
True
Is 147 a factor of 1466251?
False
Is 8688 a multiple of 12?
True
Does 270 divide 145530?
True
Does 53 divide 33973?
True
Is 109056 a multiple of 2?
True
Is 795000 a multiple of 250?
True
Is 1601 a factor of 6541686?
True
Is 41 a factor of 26363?
True
Is 2121756 a multiple of 201?
True
Is 436774 a multiple of 107?
True
Does 12 divide 2435244?
True
Is 4069200 a multiple of 300?
True
Does 11 divide 4273115?
True
Is 101234 a multiple of 98?
True
Is 13 a factor of 520052?
True
Is 2044043 a multiple of 109?
False
Is 289 a factor of 60112?
True
Is 41 a factor of 633286?
True
Does 9 divide 652462?
False
Is 133588 a multiple of 13?
True
Is 956 a factor of 5863799?
False
Is 214 a factor of 1634104?
True
Is 157175 a multiple of 22?
False
Is 73501 a multiple of 114?
False